 x - 55 = -4*x, 4*p - 40 = -3*x. Let n(c) be the third derivative of c**5/15 + 13*c**4/24 - 11*c**3/3 + 65*c**2. Is n(p) composite?
True
Let d = 19346 + 9485. Let w = d + -14624. Is w a prime number?
True
Let a(d) = -4*d**3 + 5*d**2 - 6*d - 1. Suppose 4*s + 4*s = 0. Suppose s = 4*b + 9 + 15. Is a(b) a composite number?
True
Let u = 953543 + -288102. Is u a composite number?
True
Suppose -r + 13 = 9. Let o(y) = 98*y**3 + 4*y**2 + y + 9. Is o(r) a composite number?
True
Is (-16 + 3 - 90456)/((-2)/2) a composite number?
False
Let b(y) = 2*y**2 - 53*y + 38. Let c be b(26). Is 18/(-12)*(-25592)/c a prime number?
False
Suppose 2*t = -3*j - 2*j + 24, -j = 3*t - 10. Suppose -t*q = 2*g - 4444, -4426 = -14*g + 12*g + 4*q. Is g a prime number?
False
Let l(v) = -v**2 + 10*v - 4. Let d be l(9). Suppose -3*t - 2 = -2*p, 3*t + 3*p - 8 = d*t. Suppose s - h = 726, -t*s = 4*h - 805 - 617. Is s a prime number?
False
Suppose -4*s + 689213 = -5*k, 74*k + 3 = 75*k. Is s a prime number?
True
Is 1973/((8/48)/((-101)/(-6))) a composite number?
True
Let b(j) = 493*j**2 + 7*j + 5. Let r = -209 + 211. Is b(r) composite?
True
Let q(y) = -81*y + 4153. Is q(-44) prime?
True
Let z be 5 + 74/3*234. Let n = 15298 - z. Is n composite?
False
Let o(z) = z**3 + 59*z**2 + 156*z + 137. Is o(-56) composite?
False
Suppose -5*i + 1386 = 2*b - b, -1374 = -b + i. Let x = b - -6059. Is x a prime number?
False
Suppose -563939 = -5*l + 4*v, -4*l + 354474 = 2*v - 96672. Is l a prime number?
True
Suppose 2*r - 25675 = n + 4*n, -25693 = -2*r - n. Suppose 3*u + 5*t - 6*t - 12860 = 0, r = 3*u + 2*t. Is u a composite number?
True
Let g(u) = 117*u**2 - 92*u + 6243. Is g(52) a prime number?
True
Let z = -209308 + 539475. Is z prime?
True
Let f(n) = 1892*n - 65. Is f(59) a composite number?
True
Let r be (-12)/((80/196)/(-10))*6/9. Let p = 8 - 3. Suppose r = 3*a - 0*a + 5*w, p*a - 2*w = 306. Is a a prime number?
False
Let y(u) = 1052*u**2 + 11*u + 13. Let h(o) = -3*o + 1. Let m(x) = 2*h(x) + y(x). Is m(-2) composite?
True
Suppose 0 = 39*p - 40*p - 59. Let c = p + 70. Suppose -c*q + 626 = z - 8*q, -2*z + 2*q = -1220. Is z prime?
False
Suppose 4*a - 40718 = 244278. Is a a composite number?
False
Suppose -j + 2*j - 6 = -3*u, u - 5*j = 18. Suppose u*x + 3*x = 1398. Is x a composite number?
False
Suppose -4*g = 4, 0 = m - 12*g + 643219 - 1745760. Is m a prime number?
False
Suppose 0 = -5*v + y + 644517, 39*v + y = 35*v + 515610. Is v prime?
True
Let g = 30 - 28. Suppose -4*n - 2 = -g*d, -3*n - 26 = -n + 4*d. Is (-7414)/(-4) + n - 1/(-2) composite?
True
Suppose 8*f - 16 = -2*y + 11*f, 0 = -y - 2*f + 1. Suppose 3*x + 7618 = y*x. Is x a prime number?
False
Let p(j) = -52*j**3 - 3*j**2 + 12*j + 24. Let v = -296 - -291. Is p(v) a composite number?
False
Let j(g) = 6*g + 5. Let s = 52 - 58. Let n(b) = -b**2 - 6*b + 10. Let o be n(s). Is j(o) prime?
False
Let g be (-10)/(-35) + (328/28 - -1). Let u(k) = 91*k + 108. Is u(g) prime?
True
Let h = 241 + -431. Suppose 6952 + 627 = 11*c. Let s = h + c. Is s a prime number?
True
Suppose 0 = 2*n - 10, -5*b - n + 141 = -44. Suppose 0*s = h - 5*s - b, 4*h + 3*s - 121 = 0. Is h composite?
False
Suppose k - 2*x = -5, 3*x - 11 = 6*k - k. Let b be (-5 - k) + -8 + 14. Let m(j) = 289*j**2 + 2*j - 3. Is m(b) a prime number?
False
Let f = 260521 - 117864. Is f composite?
False
Suppose -2 = -2*t + 2, 0 = 3*s + 4*t - 17. Let n(x) = -9 + 15*x**2 + s*x + 22 - 12*x**2. Is n(-12) composite?
False
Let n = -21708 + 65027. Suppose 5*l = -3*a + n, 11*a - 7*a - 34652 = -4*l. Is l prime?
False
Suppose 7*k - 5529 = -265. Suppose 182 = 5*g + k. Is (-7)/(g/(-58) - 2) a prime number?
False
Let o = -221 - -225. Is o + (-7)/28*-64868 a composite number?
True
Suppose -2*v = 3*b + 6684, 4*v + 0*b = -3*b - 13368. Let w = -2137 - v. Is w a prime number?
False
Is 3/(6/578692) + -15 composite?
True
Suppose 23 + 105 = 32*j. Suppose -3*c - 2*l = -2127, -j*c - 4*l + 3599 - 763 = 0. Is c a composite number?
False
Let y be ((-38697)/(-6))/(4*(-2)/(-16)). Suppose 3*m - 6433 = -0*v - 2*v, -4*v + y = -5*m. Is v prime?
True
Let v(k) = 186140*k + 24. Let c be v(2). Is ((-3)/2)/(-6*4/c) a prime number?
True
Suppose 2*h - 2 = 4*y, -h + 3*y = -6*h + 31. Suppose -h*a + 9 = 34. Is (-1)/a + 18/(-15)*-1174 a composite number?
False
Let b be (26/(-4))/((-11)/22). Suppose 0 = 4*x + o - 16, 4*x - 2*o - b - 15 = 0. Suppose -5*v + x*r + 7295 = 0, 5*r = 2*v + r - 2914. Is v a composite number?
True
Let q be (-3 - 3)/(6/(-9)*3). Suppose t = q*u + 3114, u + 817 + 2305 = t. Let a = t - 1109. Is a composite?
False
Suppose 0 = -3*x - 2*m + 973, -3*x - 2*m + 648 = -x. Let a be -23*x/(-5) + 1. Suppose -774 = -5*u + a. Is u a composite number?
True
Let p(k) = -109*k**3 + 2*k**2 + 10*k + 24. Let g be p(-4). Let q = 16953 - g. Is q prime?
False
Let c = 17 - 18. Let a be (-1)/2*2*5/c. Suppose -a*z = b - 2*b + 381, -5*z = -3*b + 1143. Is b a prime number?
False
Let a(v) = -v**2 + 8*v - 6. Let x(i) = -i**2 + i - 1. Let u(s) = -a(s) + 2*x(s). Let z be u(-6). Let n(p) = 42*p**2 - 8*p - 5. Is n(z) a prime number?
False
Let p(k) = -k**3 - 9*k**2 + 17*k - 44. Let c be p(-11). Suppose 4*x - 5448 = 2*d, 3*x - 4087 = -9*d + c*d. Is x a composite number?
False
Suppose 3*k + 4*x - 268045 = 431192, 3*x + 932366 = 4*k. Is k prime?
False
Let u(r) = 7*r**2 + 41*r - 19. Let m(t) = t**3 - 25*t**2 + 47*t - 9. Let s be m(23). Is u(s) composite?
True
Suppose -5*z + z = -3*b + 50, -3*b + z = -35. Let j be (-492)/b + 18/90. Let y = j + 84. Is y a composite number?
True
Suppose -3*k + 5*a + 24861 = 8*a, 0 = 3*a + 12. Let i = -5250 + k. Is i a prime number?
True
Let j(t) = 3*t**2 + 16*t - 36. Suppose 273*i = 275*i + 70. Is j(i) prime?
True
Let j(g) = -112375*g + 51. Is j(-2) prime?
False
Suppose -3*d + 2*k + 48 = 0, -10*d + 6*d = -5*k - 64. Suppose 0 = -a + d - 91. Let i = a + 1561. Is i composite?
True
Let a = -242 + -191. Let g = a + -2112. Is (-1)/(-4 + (-10175)/g) prime?
True
Let k(y) = 26*y + 6. Let q(m) = -18*m - 1. Let w be q(-2). Let z = 37 - w. Is k(z) a composite number?
True
Let k(l) = -8*l - 31. Let z be k(-5). Suppose 26 + 10 = z*y. Suppose -y*d + 0*d = 2*u - 518, -4*d - 478 = -2*u. Is u prime?
False
Let v be (0 - (1 - 2))/((-3)/(-14997)). Suppose 0 = 20*q - v - 2421. Suppose 2045 = q*d - 366*d. Is d prime?
True
Let m = 73318 - 15333. Is m prime?
False
Suppose 6*b + 261 - 873 = 0. Suppose -2569 = b*j - 103*j. Is j prime?
False
Let k(g) = 5643*g + 5663. Is k(46) composite?
False
Suppose 0 = -0*f - 2*f + d + 42, 4*d + 63 = 3*f. Let l = 26 - f. Suppose l*c - 197 = 3*t - 0*t, 0 = -4*c - t + 144. Is c a composite number?
False
Let p be 645/((-26)/(-30) - 10/15). Suppose -2*t + 4*t - 1257 = 5*y, p = 5*t + 4*y. Is t a prime number?
True
Let k = 35683 - 14342. Is k prime?
True
Suppose 0 = 3*u + 42 - 990. Let w be (-4)/(-6) - (u/(-12) + 1). Suppose -335 = 21*g - w*g. Is g composite?
False
Let f = 110 - 165. Let z = f - -58. Suppose -z*u - s = -2852, 5*u + 5*s = u + 3799. Is u a composite number?
True
Is ((-32717179)/(-55))/((-9)/45)*(1 - 2) a prime number?
True
Suppose -122*i + 341005 + 92583 = 0. Is i a prime number?
False
Suppose -188*w + 3458492 = -7283278 - 5500114. Is w composite?
True
Let d = -1037 + 2291. Let w be (20/12 + -2)*0. Suppose 4*j - 965 - 1545 = -2*h, -h - j + d = w. Is h a composite number?
True
Let u = 53 + -54. Is -84543*(1/6)/(u/2) a composite number?
False
Let b be 286/6 + 20/60. Is (2328/b)/((-2)/(-12)) a prime number?
False
Let a be ((-9)/12*-166)/((-36)/(-2208)). Let u = a + -3830. Is 6 + u/4 + 1/2 composite?
True
Is (5 - -162)/(10/2570) a composite number?
True
Let f = -20 - -203. Let w = f + -116. Suppose -7*v = -8*v + w. Is v a composite number?
False
Let w = -8139 + 27782. Is w a composite number?
True
Let c be 7870912/252 - (-2)/9. Is 32/(-240) + c/30 a prime number?
False
Is (-7 + 3 - (-4 - (4 + 214821))) + 6 prime?
True
Is 67*(807 - 15 - (-25)/5) composite?
True
Let p = 3867 + 2018. Let a = -1978 + p. Is a prime?
True
Let q = 71 - 64. Suppose -9*i + q*i = -2722. Is i a composite number?
False
Let v(h) = h**3 - 21*h**2 - 16*h + 26. Let j be v(23). Suppose j = d + 98. Suppose -3*z = -q - 5*z + 623, q + z - d = 0. Is q composite?
False
Is (-501588)/(-5) - -2 - (-66)/(-110) a prime number?
False
Let m(w) = -w - 29. Let r be